7?
True
Is 436419348 a multiple of 12?
True
Is 105 a factor of 237741735?
True
Is 626575287 a multiple of 184?
False
Does 16 divide 11922761?
False
Does 69 divide 2669064302?
False
Does 180 divide 231874130?
False
Is 107794302 a multiple of 2541?
True
Does 3374 divide 812901194?
True
Does 1082 divide 31987565?
False
Is 24 a factor of 536326207?
False
Does 22 divide 698565824?
True
Is 395 a factor of 255903196?
False
Is 716009221 a multiple of 4099?
True
Is 2011294254 a multiple of 5712?
False
Is 1622 a factor of 107003340?
True
Does 6 divide 21971267?
False
Is 148016000 a multiple of 10?
True
Does 250 divide 501500?
True
Is 111402654 a multiple of 22?
True
Is 128 a factor of 1382697216?
True
Is 71 a factor of 20118563?
False
Is 247 a factor of 229549697?
True
Does 10 divide 58846070?
True
Is 79 a factor of 27790936?
True
Is 1147680241 a multiple of 2073?
False
Does 32 divide 34396944?
False
Is 434 a factor of 132730178?
False
Is 30490922 a multiple of 113?
False
Is 1588 a factor of 115822630?
False
Is 607082138 a multiple of 34?
True
Is 10 a factor of 7877450?
True
Is 298 a factor of 4816380571?
False
Does 412 divide 2402933340?
False
Is 49 a factor of 41408989?
False
Is 39361222 even?
True
Is 154 a factor of 66519838?
True
Is 4 a factor of 881901174?
False
Does 475 divide 74802050?
True
Is 32092222 a multiple of 1403?
True
Is 43 a factor of 376182541?
False
Is 35 a factor of 859670?
True
Does 15 divide 1830915?
True
Does 1670 divide 48536059?
False
Does 971 divide 367596325?
True
Is 178800875 a multiple of 866?
False
Does 12 divide 54033984?
True
Is 109488465 a multiple of 15?
True
Does 7 divide 34304181?
False
Does 945 divide 20782781?
False
Does 1163 divide 29204093?
True
Is 18077636 a multiple of 2?
True
Does 113 divide 56426324?
True
Is 6 a factor of 3583222?
False
Does 63 divide 111285771?
False
Is 8548346 a multiple of 231?
False
Does 2462 divide 55662013?
False
Is 13 a factor of 35219206?
False
Is 98 a factor of 25164835?
False
Is 583 a factor of 5692876?
False
Does 236 divide 11659231?
False
Is 127 a factor of 28725492?
False
Is 60993990 a multiple of 855?
True
Is 528104 a multiple of 263?
True
Does 3923 divide 1025580038?
False
Is 168160128 a multiple of 2602?
False
Does 33 divide 474694674?
False
Is 19848129 a multiple of 371?
True
Is 1438498832 a multiple of 10051?
False
Is 179529602 a multiple of 32?
False
Does 275 divide 271974413?
False
Is 23523412 a multiple of 38?
False
Does 73 divide 3987406?
True
Is 70409894 a multiple of 21?
False
Does 104 divide 158860657?
False
Does 317 divide 134640492?
False
Is 1791199557 a multiple of 395?
False
Does 29 divide 209283401?
True
Is 59 a factor of 4469979?
False
Does 195 divide 4079205?
True
Is 245361548 a multiple of 1569?
False
Does 80 divide 528960?
True
Does 1430 divide 70187260?
True
Does 325 divide 40240200?
True
Is 58633830 a multiple of 18?
True
Does 27 divide 1704813054?
False
Is 348517354 a multiple of 963?
False
Is 47 a factor of 12457397?
True
Is 11 a factor of 612658812?
False
Is 60 a factor of 69624600?
True
Is 47 a factor of 14255711?
True
Is 261 a factor of 75347829?
True
Is 223010550 a multiple of 75?
True
Is 34 a factor of 2458540?
True
Is 10601820 a multiple of 8124?
True
Is 25809703 a multiple of 57?
False
Is 959 a factor of 125912864?
True
Does 1632 divide 57836448?
True
Is 28 a factor of 83913404?
False
Is 993 a factor of 2438992863?
False
Is 52 a factor of 21975252?
True
Is 25 a factor of 414447400?
True
Is 155324282 a multiple of 656?
False
Does 738 divide 36297054?
True
Is 3864672888 a multiple of 103?
True
Does 381 divide 72650128?
False
Does 2580 divide 409144140?
True
Is 21 a factor of 24770194?
False
Is 28058209 a multiple of 248?
False
Does 45 divide 9360760?
False
Is 117085598 a multiple of 194?
False
Is 2 a factor of 1391311?
False
Is 1355354401 a multiple of 123?
False
Is 18 a factor of 2628037224?
True
Does 1583 divide 244771375?
True
Is 1136 a factor of 67493168?
True
Does 4 divide 329136539?
False
Does 23 divide 118859907?
False
Is 6850728 a multiple of 306?
True
Does 6 divide 1138452975?
False
Is 119096800 a multiple of 100?
True
Does 10 divide 4238460?
True
Is 323 a factor of 3015661?
False
Is 12 a factor of 667577124?
True
Does 257 divide 6968259076?
False
Does 10 divide 1502995240?
True
Does 228 divide 83345400?
True
Is 17 a factor of 15343133?
False
Is 47812345 a multiple of 215?
True
Does 2022 divide 116758368?
True
Is 98880075 a multiple of 3693?
True
Does 1115 divide 27908450?
True
Is 1360 a factor of 517076080?
True
Does 22 divide 337276852?
True
Is 18519481 a multiple of 464?
False
Does 8 divide 6071408?
True
Is 12 a factor of 239658717?
False
Is 339458663 a multiple of 5?
False
Is 26 a factor of 146505871?
False
Does 182 divide 569259141?
False
Does 10 divide 91190613?
False
Is 490 a factor of 10479630?
True
Does 9 divide 40009479?
False
Is 77142992 a multiple of 31?
False
Does 1117 divide 174798213?
True
Is 4513 a factor of 307637671?
True
Is 75 a factor of 45304275?
True
Is 38448564 a multiple of 508?
False
Does 452 divide 18792866?
False
Is 4033529 a multiple of 4?
False
Is 115809182 a multiple of 4?
False
Is 4 a factor of 1512356?
True
Is 236008956 a multiple of 111?
False
Is 12 a factor of 141773262?
False
Is 160 a factor of 14414720?
True
Does 114 divide 35284140?
True
Is 14 a factor of 3709495118?
True
Is 89012595 a multiple of 141?
True
Does 693 divide 1918219842?
True
Is 1181901336 a multiple of 2312?
True
Does 103 divide 7447976?
False
Is 3712464 a multiple of 24?
True
Is 4 a factor of 60662440?
True
Does 383 divide 449670342?
True
Does 360 divide 34278480?
True
Is 21 a factor of 502231016?
False
Is 409 a factor of 656271993?
True
Is 26 a factor of 26103766?
True
Is 639717000 a multiple of 2820?
True
Does 255 divide 97927650?
True
Does 16 divide 1422895903?
False
Is 94 a factor of 1912452971?
False
Is 365 a factor of 789651585?
True
Is 220 a factor of 439535140?
True
Does 154 divide 552677921?
False
Does 36 divide 85914504?
True
Does 46 divide 268527530?
True
Is 87634920 a multiple of 1002?
True
Is 3654726939 a multiple of 10?
False
Does 230 divide 150960274?
False
Is 6075 a factor of 1177874735?
False
Does 5962 divide 500390660?
True
Is 74 a factor of 451430414?
True
Is 108092120 a multiple of 17?
True
Is 55064421 a multiple of 21?
False
Is 191202173 a multiple of 199?
False
Does 12 divide 29293644?
True
Does 675 divide 4570881300?
True
Is 1640 a factor of 37906891?
False
Is 132267312 a multiple of 369?
True
Does 6 divide 445294428?
True
Does 1502 divide 12451580?
True
Does 510 divide 362511655?
False
Does 941 divide 11677810?
True
Does 39 divide 124051117?
False
Is 15 a factor of 330488277?
False
Is 309 a factor of 650798069?
False
Is 68 a factor of 6598448?
True
Is 534892899 a multiple of 3?
True
Is 29198232 a multiple of 82?
True
Is 590 a factor of 90729731?
False
Is 2 a factor of 3070745?
False
Is 7 a factor of 9697590?
True
Is 796419720 a multiple of 30?
True
Does 4 divide 2785593412?
True
Is 5390 a factor of 1348189920?
True
Is 23595811 a multiple of 244?
False
Is 1845688 a multiple of 75?
False
Is 118771980 a multiple of 30?
True
Is 244 a factor of 8061935?
False
Is 39 a factor of 16694926?
False
Is 4158694650 a multiple of 22?
True
Does 347 divide 205446902?
True
Is 1825 a factor of 1039748125?
True
Is 103178895 a multiple of 10?
False
Is 16024587 a multiple of 21?
False
Is 797 a factor of 54338663?
True
Is 1544569180 a multiple of 245?
True
Is 341037802 a multiple of 14?
True
Does 20 divide 583240?
True
Is 2066552099 a multiple of 42?
False
Does 332 divide 35335424?
True
Is 26378823 a multiple of 112?
False
Does 2355 divide 1269870165?
True
Is 23868874 a multiple of 636?
False
Is 14 a factor of 311827306?
True
Is 263428177 a multiple of 23?
True
Is 111 a factor of 61095272?
False
Does 23 divide 41003226?
False
Is 3146 a factor of 28443401?
False
Is 323 a factor of 185476962?
False
Is 16561251 a multiple of 16?
False
Does 2736 divide 634144608?
True
Does 291 divide 143284617?
True
Is 135671760 a multiple of 112?
True
Does 6 divide 175373624?
False
Does 708 divide 12517807?
False
Is 1092 a factor of 447129228?
True
Is 15 a factor of 22697745?
True
Does 9 divide 2150483158?
False
Is 778107036 a multiple of 437?
False
Is 5